Let f = -188 + 281. Let o be 2 + 144/(-81) - 133/(-9). Suppose 0 = -5*m + o, 3*w + m - f = 6*m. What is the units digit of w?
6
Suppose 144 = 21*v - 1620. What is the tens digit of v?
8
Suppose 0 = 10*v + 3810 - 13980. What is the units digit of v?
7
Suppose -t + 13582 = 4*f, 63*f + 5*t = 62*f + 3386. What is the thousands digit of f?
3
Let u = 342 + -174. Suppose -3*w = -5*w + u. What is the tens digit of w?
8
Suppose 4*r - g - 145 = 297, 0 = -r - 5*g + 121. Let w = -65 + r. What is the tens digit of w?
4
Let p be (-8 - -6) + (-140)/(-2). Let q be 2/((-24)/p)*-3. Let o = -5 + q. What is the tens digit of o?
1
Let l = 13726 - 8579. What is the tens digit of l?
4
Let x(y) be the first derivative of 3*y**2/2 + y - 27. What is the units digit of x(20)?
1
Let v = -37 + 35. Let x = v - -82. What is the units digit of x?
0
Let w = 19 + -20. Let r be (-8)/6*3/w. Suppose 3*b + 3*f - 4*f = 145, -b + r*f = -30. What is the tens digit of b?
5
Suppose 33 = -7*u - 30. What is the tens digit of (-2)/u - (-2563)/9?
8
Suppose 362*o - 15680 = 334*o. What is the units digit of o?
0
Let o = -71 - -75. Suppose -b + 472 = o*j - 5*b, 3*b = 4*j - 476. What is the hundreds digit of j?
1
Suppose -3*b - f + 394 = -0*b, 650 = 5*b + 3*f. What is the hundreds digit of b?
1
Suppose 5*z + 652 = r, -2369 - 164 = -4*r + 5*z. What is the hundreds digit of r?
6
Suppose 9 - 74 = -5*p. What is the tens digit of p?
1
What is the thousands digit of 31266/22 - 56/308?
1
Let z(j) = 3*j**2 + 3*j + 2. Let r be z(-1). What is the units digit of ((-1)/r)/((-8)/16)?
1
Suppose g - 3 = -2*g. Suppose m = 2 + g. Suppose -f = m*f - 104. What is the units digit of f?
6
Let a be (15 + -14)/(-1*1). What is the units digit of 8 + 14 + (-2)/a?
4
What is the tens digit of (-24584)/(-112)*(1 + 1)?
3
Suppose 15*v + 1220 = 17*v. What is the units digit of v?
0
Suppose -4*u - 4 = 2*b, -b = 2*u - 3*u - 4. What is the units digit of (1 + b)/((-27)/(-144))?
6
Let c = -717 + 1804. What is the thousands digit of c?
1
Let q(h) = -30*h + 11*h - 5 + 6*h + h**2. Let f be (-48)/(-3) + -2 + 0. What is the units digit of q(f)?
9
Let q = -150 + -398. Let u = q - -790. What is the units digit of u?
2
Suppose 367 - 107 = -4*x. Let w(v) = 2*v + 70. Let b be w(22). Let s = x + b. What is the units digit of s?
9
Suppose -3*m + 8 = -4. Suppose 0*b - 208 = -m*b. What is the tens digit of b?
5
Let z(h) = -35*h - 9. Let y be z(-7). Let i be y/(-24) - (-2)/(-12). Let l(u) = u**3 + 9*u**2 - 11*u - 7. What is the units digit of l(i)?
3
Let r(l) = -8*l**2 - 3*l + 2. Let h be r(1). Let k(z) = -5*z - 18. Let w be k(h). Suppose -253 = -5*n + w. What is the units digit of n?
6
Suppose 16*r - 14*r - 3650 = -4*d, 0 = d + 4*r - 930. What is the hundreds digit of d?
9
Suppose 2*b - 681 = 3*j + 198, -3*b + 3*j + 1317 = 0. What is the units digit of b?
8
Let u(d) = -d**2 + 44*d - 17. What is the tens digit of u(31)?
8
Suppose 0 = f + x - 2159, 20*f - 17*f = -4*x + 6472. What is the tens digit of f?
6
Let g = -709 + 506. Let b = g - -355. What is the tens digit of b?
5
Suppose -2340 = -3*f + 3*t + 2*t, 2*t + 6 = 0. What is the tens digit of f?
7
What is the units digit of (-6)/10*-1381 + (-6)/10?
8
Suppose 3*x + 25 = 13. What is the units digit of 55 + (-3 - x) + (1 - 1)?
6
What is the hundreds digit of 1/(-7) - (-193704)/392?
4
Let y(b) = -58*b - 79. What is the tens digit of y(-8)?
8
Suppose -c - 2*v = -850, -3*v - 3061 = -3*c - 493. What is the hundreds digit of c?
8
Let q = -11 - -13. Suppose -a = q*a. Suppose -d + a = -31. What is the units digit of d?
1
Suppose -3*z + 0*z = 0. Suppose z = -2*t + 7*t - 175. What is the units digit of t?
5
Let s = 35 + -51. Suppose 336 = -11*j - 49. Let a = s - j. What is the units digit of a?
9
Suppose 0 = -8*n - 5*n + 4277. What is the hundreds digit of n?
3
Let y be 1/(-1)*(8 - 58). Suppose -5*m - 5*r = -y, 3*m - 36 = r + 2*r. Suppose -44 = 7*h - m*h. What is the units digit of h?
1
Let c be (-2 - -1) + 12/(2 + 2). Suppose 0*r - 451 = -3*u - 5*r, -5*u + c*r + 700 = 0. What is the units digit of u?
2
Suppose 0 = -6*t + 2*t - 5*d - 395, 3*d = -5*t - 497. Let b be t/35*(-6 - 1). What is the units digit of 5/(b/(-36))*-3?
7
Suppose 2*p - 4*l + 220 = 6*p, 195 = 4*p - l. Suppose 52 + p = 6*k. What is the units digit of k?
7
Let t(o) = -5*o - 1. Let n be t(2). Let k be (-2 - n)*1/(-3). Let g = k + 17. What is the tens digit of g?
1
Let o(d) = 3*d**3 + 2*d**2 - 3*d. Let t be o(2). Let a be -3 + 3/3 + t. Suppose -5*g - 25 = -4*y + 12, -5*g = -3*y + a. What is the tens digit of y?
1
Let r(z) = 3*z + 5. Let w be r(-5). Let j = 35 + w. Suppose -4*g + 193 - j = 0. What is the tens digit of g?
4
Let q(c) = -c + 566. What is the tens digit of q(-3)?
6
Suppose -5*n = -2*i - 45, 2*n + 0*i + 4*i = 18. What is the units digit of (-1)/n - (-632)/18?
5
Let h = 15 - 11. Let b = 8 - h. Let s(k) = k**3 - 2*k**2 - 3*k + 3. What is the units digit of s(b)?
3
Let c be (-92)/(-16) + (30/8)/(-5). Let l = -34 - -78. Suppose 2*d + 4*v = 66, c*v - l = -d - 2. What is the units digit of d?
7
Let h be (((-168)/15)/(-2))/((-11)/220). Let m = 94 - h. What is the units digit of m?
6
Let p(y) = -4 + 2 + 2*y - 9*y - 6 + y**2. What is the units digit of p(16)?
6
Let c = 1064 - 742. Let y = -208 + c. What is the units digit of y?
4
Let d(u) = 20*u**2 + 42*u - 245. What is the units digit of d(6)?
7
Suppose v = 4*x, 0 = 4*v - x - 8 - 7. Let b(d) = 0 + 1 + d**2 - v*d + 5 - 1. What is the tens digit of b(5)?
1
Let o be -3 + 1 + 4 + 0. Suppose 4*i + o*u - 236 = 6*u, -3*u = i - 55. What is the units digit of i?
8
Let f be (4 + -3)/(1/2). Let r be 1 + (-1 - f - -16). Let w = r + -13. What is the units digit of w?
1
Let w(a) be the first derivative of a**3 - 11*a**2 - 8*a - 12. What is the units digit of w(13)?
3
Let t = 3067 + -1852. What is the thousands digit of t?
1
Let z = 152 - 143. Suppose -z*y = -4*y - 925. What is the hundreds digit of y?
1
Let p = -3 - -7. Suppose 0 = m + 1, -2*m + 3*m + 6 = 5*n. Suppose 87 = p*l - n. What is the units digit of l?
2
Let m = 542 - 359. What is the units digit of m?
3
Let u(q) = -78*q - 144. What is the units digit of u(-6)?
4
Suppose 5*h = -4*z + 12567, z - 3*h + h = 3158. What is the hundreds digit of z?
1
Suppose -7 - 5 = -4*y. Suppose -y*x - n = -136 - 160, 2*x - 179 = 3*n. What is the units digit of x?
7
Suppose 2*b - 3*b + z + 430 = 0, -3*b = 3*z - 1314. Let a = b + -206. What is the units digit of a?
8
Let f = 1 - -239. What is the tens digit of f?
4
Suppose 0*q + 5*q = 0. Suppose 0 = -j - q + 4. Suppose -j*i = 3*s - 58, -s + 8*i - 3*i + 13 = 0. What is the tens digit of s?
1
Suppose 5*r - 980 = 5*n, -3*n = 5*r - 2*n - 956. Suppose -u = 4*c - r + 14, -3*u + 226 = 5*c. What is the tens digit of c?
4
Let c = -7 + 5. Let f be 5/((-10)/6) - c. What is the tens digit of (3/(-12))/(f/68)?
1
Suppose -5*s + 4*l = -5, -s + 30 = s + 4*l. Suppose 0 = -n + 7 - s. Let i = 34 - n. What is the units digit of i?
2
Suppose -280 = 5*u + 2*u. Let v = -2 - u. What is the tens digit of v?
3
Let o(l) = -57*l - 46. What is the tens digit of o(-4)?
8
Let v = -314 + 580. What is the hundreds digit of v?
2
Let t be 0*((-6)/(-8) - 1). Suppose t*l + 4*l + 123 = 5*m, 3*l + 101 = -5*m. What is the units digit of (8 + 0)*(-216)/l?
4
Let d be 2/(-3) + 23/3. Let l be (25 - 7)*(-6)/(-27). Suppose -d*t + 143 = -3*t + 3*y, -t - l*y + 52 = 0. What is the units digit of t?
2
Suppose 19 = -4*n + 59. Suppose n*z = 6*z + 536. What is the units digit of z?
4
Let h(c) = 2*c**2 + 2*c - 24. Let b = -38 - -31. What is the units digit of h(b)?
0
Let f(q) = q**2 + 7*q - 5. Let l be f(3). Let w = 109 - l. What is the tens digit of w?
8
Let a(t) = -2*t**3 + 30*t**2 - 3*t + 15. Let j(m) = -m**3 + 15*m**2 - 2*m + 8. Let q(s) = -6*a(s) + 13*j(s). What is the tens digit of q(14)?
9
Suppose -1625 = -3*o - 4*q, -4*o + 2525 = -5*q + 410. What is the hundreds digit of o?
5
Let a(y) = -2*y**3 - 5*y - 3. Let h be a(-2). Let i = h + -19. Suppose 3*u + 0*c - 138 = i*c, -2*u + 103 = c. What is the tens digit of u?
5
Suppose 3526 - 730 = 6*o. What is the hundreds digit of o?
4
Let j(v) = v. Let r = -15 - -15. Suppose r*t = 5*c - 3*t - 2, -c = t - 2. What is the units digit of j(c)?
1
Let v(d) = -d**2 + 7*d + 8. Let a be v(7). Suppose 3*n = n + a. Suppose -